?
2, 3
Suppose -13 + 3 = -5*q, -2*n - 4*q + 750 = 0. What are the prime factors of n/35 - (-4)/10?
11
Suppose -r = -b + 18, 5*r - 24 = -2*b + 3*r. Suppose z - b + 4 = -3*u, 2*u + 2 = 4*z. List the prime factors of z.
2
Suppose -8*m + 394 = 50. List the prime factors of m.
43
Let k(m) = m**2 - m - 1. Let z be k(3). Let w(t) = 1 + t - t + z*t + 2*t. List the prime factors of w(1).
2
Suppose 4*b + 5 = -3. Let w = b + 17. What are the prime factors of w?
3, 5
Suppose 5*s = 2*g + 6 + 19, 4*s = 5*g + 20. What are the prime factors of (g - 3 - -2)*-15?
3, 5
Suppose n = -4*n + j + 12, -n = 4*j + 6. Let u = 8 - n. What are the prime factors of u?
2, 3
Let o = 339 - 216. Suppose 10*i = 7*i + o. Let x = i + -24. List the prime factors of x.
17
Suppose -5*q - 15 = -5. Let w = 12 - 3. Let u = q + w. List the prime factors of u.
7
Suppose 131 = 5*z - 14. What are the prime factors of z?
29
Let n = -2 - -10. List the prime factors of n.
2
Suppose -3*y + 36 = -l, -l - 55 = -4*y - 7. Let k be 2/y + 70/12. Let a = k - -8. List the prime factors of a.
2, 7
Let f(s) = s**3 - 7*s**2 + 7. Let z = 17 - 10. List the prime factors of f(z).
7
Let u(w) = -w**3 - 2*w**2 + 4*w + 2. Let p be u(4). Let f = 130 + p. What are the prime factors of f?
2, 13
Suppose 4*c = -4*s - 0*s + 8, -1 = -2*c - s. Let j = 17 - c. List the prime factors of j.
2, 3
Suppose -3*s + 0*s = -12. What are the prime factors of s?
2
Suppose -2*p + 3*n = -0*n + 15, 2*p + 3*n - 15 = 0. Suppose 0 = 2*x - p - 46. List the prime factors of x.
23
Suppose -80 = 5*i - 3*r - 2*r, 3*i - 2*r = -50. List the prime factors of i/12*(-100)/6.
5
Let c(x) = -x**3 + 2*x**2 - 2*x + 1. Let m be c(1). Let n = m + 7. What are the prime factors of n?
7
Suppose -4*p + 2*k = -40, 3*p + 4*k + 3 - 22 = 0. Let u = 19 - p. Let j = u - -5. List the prime factors of j.
3, 5
Let s be 374/14 + (-8)/(-28). Suppose 0 = -3*x + s + 15. What are the prime factors of x?
2, 7
Let j be 2/(-1 + 3) + -1. Suppose 3 = z - 2. Suppose j = -z*l + 29 + 21. What are the prime factors of l?
2, 5
Let s = -18 + 32. What are the prime factors of s?
2, 7
Let r = -15 + 39. Let s = -15 + r. What are the prime factors of s?
3
Let r(t) = 3*t**2 - t - 1. What are the prime factors of r(-2)?
13
Let t = -20 + 47. Suppose -t + 7 = -4*l. What are the prime factors of l?
5
Suppose 4*c + 2773 = p - 0*p, -5*c - 3464 = p. What are the prime factors of c/(-44) - (-3)/(-4)?
3, 5
Let j = 3 - 1. Let m(w) = w**3 + 7*w**2 + 2*w. Let u be m(-5). Suppose u = 6*k - j*k. List the prime factors of k.
2, 5
Suppose 4*t - 201 = -33. What are the prime factors of t?
2, 3, 7
Suppose -5*u + 5*h - 83 + 318 = 0, 5*h = -5*u + 215. What are the prime factors of u?
3, 5
Suppose 2*p + 46 = 2*z, -4*p + 4 + 4 = 0. List the prime factors of z.
5
Suppose 2*r = 4*t - t - 31, -5*t = 15. Let u = r - -8. What are the prime factors of (4/(-3))/(u/18)?
2
Let h = -16 + 30. Suppose -4*c + h = -82. List the prime factors of (9/12)/(2/c).
3
Suppose 3 = 4*q + o, 5*q - 2*o = -0*o + 20. Suppose 0 = q*v + 2 + 24. Let s = -2 - v. What are the prime factors of s?
11
Suppose 3*v - v = 162. List the prime factors of v.
3
Suppose 2*z + 0*z = 28. Suppose -2*y + 20 = -z. What are the prime factors of y?
17
Suppose -388 - 95 = -7*n. What are the prime factors of n?
3, 23
Suppose -2*v = -5*p - 0*v + 38, -v + 26 = 5*p. List the prime factors of p.
2, 3
Let i(l) = l**2 - 7*l - 11. List the prime factors of i(12).
7
Let u = 195 + -103. What are the prime factors of u?
2, 23
Let n(t) = -7*t - 3. Let c(x) = -x**2 - 2*x - 3. Let h be c(-2). Let f be n(h). Suppose -17 = -5*g + f. What are the prime factors of g?
7
Suppose 519 = 3*h - 75. List the prime factors of h.
2, 3, 11
Suppose -12*z + 10*z = 0. Suppose -2*w - 11 + 35 = z. What are the prime factors of w?
2, 3
Let l(z) = z**2 - 2*z - 1. Let g be l(3). What are the prime factors of 93/3 - (g + 1)?
2, 7
Suppose -5*x = -2*x - 5*f - 160, -4*f = x - 42. What are the prime factors of x?
2, 5
Let c be ((-6)/10)/(2/(-10)). Suppose -c*h - 65 = -8*h. List the prime factors of h.
13
Let n(d) = -d**2 + 14*d - 14. Let q be n(12). Let z = q - 6. Suppose 0*t = -2*t - 2, 0 = -5*s + z*t + 69. List the prime factors of s.
13
Suppose 5*n - 3*n + 3*q - 74 = 0, -78 = -2*n - q. What are the prime factors of n?
2, 5
Suppose 2*l - 14 = -0*l. Let b(f) = 7*f**2 - f + 1. Let g(p) = 6*p**2 - 2*p + 2. Let j(m) = -5*b(m) + 6*g(m). What are the prime factors of j(l)?
7
Suppose 0 = -m + 5*m + 72. Let z be (12/m)/(2/(-9)). Suppose z*n = 2*c - 34, -27 - 24 = -5*c - n. What are the prime factors of c?
11
Let m(i) = i - 6. Let o be m(9). Suppose -g + 1 = -o. List the prime factors of g.
2
Let u(r) = r - 5. Let a be u(4). Let c be a/(-3) + 44/12. Suppose g - 4*d + c = 2, 3 = 3*d. List the prime factors of g.
2
Let h = -46 - -22. Let j = 34 + h. List the prime factors of j.
2, 5
Suppose 3*j - 4*j = 3*i - 10, -3*j = -i + 20. Let v(c) = c**3 + 4*c**2 - 3*c. Let m be v(-5). Let r = j - m. What are the prime factors of r?
5
Let t(i) = 47*i**3 + 1. Let o be t(1). Suppose -o = -6*p + 2*p. List the prime factors of p.
2, 3
Let g(w) = -10*w - 10. Let y be g(-7). Suppose -5*i + 5*o + y = 0, -i - 5*o + 17 = -o. Suppose -i = -3*j + 20. What are the prime factors of j?
11
Let i = -560 + 803. Suppose 4*d + i = 5*q, 2*q + 0*q + 4*d = 86. What are the prime factors of q?
47
Let p = -14 - -15. Suppose -i + 4*t + 7 = p, 2*i - t = 26. List the prime factors of i.
2, 7
Suppose -6*z + 473 = 77. What are the prime factors of z?
2, 3, 11
Let w(z) = -6*z - 3. Let k(b) = -7*b - 3. Let c(s) = -4*k(s) + 5*w(s). Let d be ((-12)/(-8))/(12/(-32)). What are the prime factors of c(d)?
5
Let m = 74 - -1. Suppose 4*z = 5*y - 96, y = -3*y + 5*z + m. Suppose 2*x = 3*x + 5, 5*k = -x + y. What are the prime factors of k?
5
Let z(f) = -f + 9. Let w be z(8). Let i be (w - 22)*(-2)/6. Suppose -i = -n - 0*n. List the prime factors of n.
7
Suppose 9 - 88 = -3*t - 2*i, 5*t - 95 = 4*i. List the prime factors of t.
23
Suppose 2 + 8 = 5*q. Suppose q*d - 10 = -2*v + 4, 2*d - 5*v = 0. Suppose 0*l = l - d. List the prime factors of l.
5
Let c(l) = l - 4. Let a be c(9). Suppose n - 120 = -5*d, -a*d + 130 = -0*d + 3*n. What are the prime factors of d?
23
Let c(q) = 15*q**2 - q. Let t be c(-1). Suppose 0*y + y - 5 = 0. Suppose -j - t = -y*j. List the prime factors of j.
2
Let w = 6 + -12. Let o(g) = -1 - 5 - g - 5*g + 4*g. List the prime factors of o(w).
2, 3
Let j(r) = 26*r + 4. Let u be j(-4). Let q = -67 - u. List the prime factors of q.
3, 11
Let r be (6/4)/(3/36). Suppose 5*y - 5 = 3*i, -2*y - i - i + r = 0. What are the prime factors of y?
2
Let q be 0/(-1*(-1 - -4)). Let v(l) = -l**3 + l + 34. List the prime factors of v(q).
2, 17
List the prime factors of (106/8)/((-8)/(-128)).
2, 53
Let m = 14 - 7. Let l = 12 - m. What are the prime factors of l?
5
Let o(r) be the second derivative of r**5/60 + r**3/6 - 2*r. Let w(x) be the second derivative of o(x). What are the prime factors of w(1)?
2
Suppose 4*h - 14 - 2 = 0. Let d be h + (-6 - -3) + 0. What are the prime factors of (-57)/(-6) - d/(-2)?
2, 5
Suppose s - 201 = -16. What are the prime factors of s?
5, 37
Suppose 3*c = 2*c + l + 165, 2*c - 3*l - 328 = 0. What are the prime factors of c?
167
Let u be 6/2 + (26 - 1). Suppose 0*y = -2*y + u. What are the prime factors of y?
2, 7
Let r(c) = -c + 13. Let t be r(5). Let n(a) = -a**3 + 9*a**2 - 7*a + 11. What are the prime factors of n(t)?
19
Let j(v) be the second derivative of -v**5/20 + 13*v**4/12 - 5*v**3/3 + 4*v**2 - 3*v. What are the prime factors of j(12)?
2
Suppose 4*l - 135 = 197. What are the prime factors of l?
83
Let h(i) = i**3 + 9*i**2 + 7*i + 5. Let o be h(-9). What are the prime factors of (-3)/6*o - -4?
3, 11
Let g = 56 - 36. What are the prime factors of g?
2, 5
What are the prime factors of (-690)/(-12) + -6 - 3/(-2)?
53
Suppose -5*b = -r - 18, 3*r - 10 - 4 = -2*b. List the prime factors of r.
2
Let y be 1152/10 - 2/10. Suppose 0 = 5*u - 5, m - 5*u = -4*m + y. List the prime factors of m.
2, 3
Let m(x) = -19*x - 5. Let r(d) = -9*d - 2. Let p(l) = 6*m(l) - 13*r(l). Let a be (-13)/(-4) - 1/4. What are the prime factors of p(a)?
5
Suppose 4*i - 247 - 165 = 0. List the prime factors of i.
103
Suppose 265 + 25 = 5*q. What are the prim